{"id":22851,"date":"2019-07-01T12:46:56","date_gmt":"2019-07-01T16:46:56","guid":{"rendered":"https:\/\/diseno.uc.cl\/new\/?page_id=22851"},"modified":"2019-07-01T12:46:56","modified_gmt":"2019-07-01T16:46:56","slug":"diseno-de-iluminacion","status":"publish","type":"page","link":"https:\/\/diseno.uc.cl\/english\/research-development-and-transfer\/rdt-areas\/diseno-de-iluminacion\/","title":{"rendered":"Dise\u00f1o de Iluminaci\u00f3n"},"content":{"rendered":"\n<figure class=\"wp-block-image\"><img decoding=\"async\" src=\"https:\/\/diseno.uc.cl\/new\/wp-content\/uploads\/2019\/07\/Diseno-iluminacion-1000x400-992x397.jpg\" alt=\"\" class=\"wp-image-22870\"\/><\/figure>\n\n\n\n<p>Esta l\u00ednea de servicios de dise\u00f1o integra las variables de iluminaci\u00f3n el\u00e9ctrica y luz natural, adem\u00e1s del control de iluminaci\u00f3n mediante estrategias de acuerdo a las necesidades del encargo, de la naturaleza del proyecto y las necesidades del usuario. <\/p>\n\n\n\n<p>Esta \u00e1rea cuenta con el reconocimiento de la International Asociation of Lighting Designers. <\/p>\n\n\n\n<p>Los proyectos m\u00e1s recientes en esta l\u00ednea han estado relacionados con un estudio de la iluminaci\u00f3n de la catedral de Santiago en sus diferentes etapas, y con el desarrollo de un laboratorio de iluminaci\u00f3n para actividades de docencia. \u00a0 <\/p>\n","protected":false},"excerpt":{"rendered":"<p>Esta l\u00ednea de servicios de dise\u00f1o integra las variables de iluminaci\u00f3n el\u00e9ctrica y luz natural, adem\u00e1s del control de iluminaci\u00f3n mediante estrategias de acuerdo a las necesidades del encargo, de la naturaleza del proyecto y las necesidades del usuario. Esta \u00e1rea cuenta con el reconocimiento de la International Asociation of Lighting Designers. Los proyectos m\u00e1s [&hellip;]<\/p>\n","protected":false},"author":1,"featured_media":22870,"parent":21310,"menu_order":2,"comment_status":"closed","ping_status":"closed","template":"","meta":{"footnotes":""},"class_list":["post-22851","page","type-page","status-publish","has-post-thumbnail","hentry"],"_links":{"self":[{"href":"https:\/\/diseno.uc.cl\/english\/wp-json\/wp\/v2\/pages\/22851","targetHints":{"allow":["GET"]}}],"collection":[{"href":"https:\/\/diseno.uc.cl\/english\/wp-json\/wp\/v2\/pages"}],"about":[{"href":"https:\/\/diseno.uc.cl\/english\/wp-json\/wp\/v2\/types\/page"}],"author":[{"embeddable":true,"href":"https:\/\/diseno.uc.cl\/english\/wp-json\/wp\/v2\/users\/1"}],"replies":[{"embeddable":true,"href":"https:\/\/diseno.uc.cl\/english\/wp-json\/wp\/v2\/comments?post=22851"}],"version-history":[{"count":0,"href":"https:\/\/diseno.uc.cl\/english\/wp-json\/wp\/v2\/pages\/22851\/revisions"}],"up":[{"embeddable":true,"href":"https:\/\/diseno.uc.cl\/english\/wp-json\/wp\/v2\/pages\/21310"}],"wp:featuredmedia":[{"embeddable":true,"href":"https:\/\/diseno.uc.cl\/english\/wp-json\/"}],"wp:attachment":[{"href":"https:\/\/diseno.uc.cl\/english\/wp-json\/wp\/v2\/media?parent=22851"}],"curies":[{"name":"wp","href":"https:\/\/api.w.org\/{rel}","templated":true}]}}