{"id":21383,"date":"2019-06-10T17:44:53","date_gmt":"2019-06-10T21:44:53","guid":{"rendered":"http:\/\/localhost:8888\/wordpress\/?page_id=21383"},"modified":"2019-06-10T17:44:53","modified_gmt":"2019-06-10T21:44:53","slug":"diseno-para-el-emprendimiento-y-la-innovacion","status":"publish","type":"page","link":"https:\/\/diseno.uc.cl\/english\/research-development-and-transfer\/rdt-areas\/diseno-para-el-emprendimiento-y-la-innovacion\/","title":{"rendered":"Dise\u00f1o para el emprendimiento y la innovaci\u00f3n"},"content":{"rendered":"\n<figure class=\"wp-block-image\"><img decoding=\"async\" src=\"https:\/\/diseno.uc.cl\/new\/wp-content\/uploads\/2019\/07\/3019674-poster-1280-point-1000x400-992x397.jpg\" alt=\"\" class=\"wp-image-22873\"\/><\/figure>\n\n\n\n<h4 class=\"wp-block-heading\">Esta l\u00ednea de investigaci\u00f3n opera sobre la base del desarrollo de estrategias de dise\u00f1o para la innovaci\u00f3n social con factibilidad tecnol\u00f3gica y viabilidad estrat\u00e9gica en tanto negocio .<\/h4>\n\n\n\n<p>Busca responder a las necesidades de las personas y su entorno mediante soluciones que abarcan tanto a los objetos y sistemas, como a la infraestructura en la cual se gestionan. <\/p>\n\n\n\n<p>Esta \u00e1rea cuenta con el Laboratorio de Innovaci\u00f3n (iLabUC) de la Escuela de Dise\u00f1o, una plataforma de innovaci\u00f3n y gesti\u00f3n de la inteligencia colectiva que introduce y entrena tanto a estudiantes de pre y postgrado como a emprendedores con miras a entender y conducir pr\u00e1cticas de co-creaci\u00f3n de valor en todo tipo de organizaciones. <\/p>\n\n\n\n<p>En este contexto esta l\u00ednea se ha dedicado al trabajo en conjunto con MIPYMES, grandes empresas y comunidades locales, destacando los proyectos FOSIS y FIA de capacitaci\u00f3n para artesanos en herramientas de dise\u00f1o para agregar valor y generar nuevos productos. <\/p>\n","protected":false},"excerpt":{"rendered":"<p>Esta l\u00ednea de investigaci\u00f3n opera sobre la base del desarrollo de estrategias de dise\u00f1o para la innovaci\u00f3n social con factibilidad tecnol\u00f3gica y viabilidad estrat\u00e9gica en tanto negocio . Busca responder a las necesidades de las personas y su entorno mediante soluciones que abarcan tanto a los objetos y sistemas, como a la infraestructura en la [&hellip;]<\/p>\n","protected":false},"author":1,"featured_media":22873,"parent":21310,"menu_order":7,"comment_status":"closed","ping_status":"closed","template":"pages-idt.php","meta":{"footnotes":""},"class_list":["post-21383","page","type-page","status-publish","has-post-thumbnail","hentry"],"_links":{"self":[{"href":"https:\/\/diseno.uc.cl\/english\/wp-json\/wp\/v2\/pages\/21383","targetHints":{"allow":["GET"]}}],"collection":[{"href":"https:\/\/diseno.uc.cl\/english\/wp-json\/wp\/v2\/pages"}],"about":[{"href":"https:\/\/diseno.uc.cl\/english\/wp-json\/wp\/v2\/types\/page"}],"author":[{"embeddable":true,"href":"https:\/\/diseno.uc.cl\/english\/wp-json\/wp\/v2\/users\/1"}],"replies":[{"embeddable":true,"href":"https:\/\/diseno.uc.cl\/english\/wp-json\/wp\/v2\/comments?post=21383"}],"version-history":[{"count":0,"href":"https:\/\/diseno.uc.cl\/english\/wp-json\/wp\/v2\/pages\/21383\/revisions"}],"up":[{"embeddable":true,"href":"https:\/\/diseno.uc.cl\/english\/wp-json\/wp\/v2\/pages\/21310"}],"wp:featuredmedia":[{"embeddable":true,"href":"https:\/\/diseno.uc.cl\/english\/wp-json\/"}],"wp:attachment":[{"href":"https:\/\/diseno.uc.cl\/english\/wp-json\/wp\/v2\/media?parent=21383"}],"curies":[{"name":"wp","href":"https:\/\/api.w.org\/{rel}","templated":true}]}}